{"id":2,"date":"2010-11-03T20:02:35","date_gmt":"2010-11-03T20:02:35","guid":{"rendered":"http:\/\/localhost\/annagreziak\/?page_id=2"},"modified":"2011-09-27T19:26:39","modified_gmt":"2011-09-27T19:26:39","slug":"informacje","status":"publish","type":"page","link":"https:\/\/annagreziak.waw.pl\/?page_id=2","title":{"rendered":"Sama o sobie"},"content":{"rendered":"<div id=\"main-text\">\n<p><strong>Urodzi\u0142am si\u0119 23 maja 1948 roku w Pu\u0142tusku<\/strong>. Matka moja Irena prowadzi\u0142a sklep, ojciec Jan by\u0142 nauczycielem i przez wiele lat kierownikiem szko\u0142y podstawowej w Pu\u0142tusku. Mia\u0142am dw\u00f3ch braci: starszy Marek zmar\u0142 w wieku 13 lat, m\u0142odszy Andrzej mieszka w Warszawie, sko\u0144czy\u0142 studia, za\u0142o\u017cy\u0142 rodzin\u0119, jest ojcem pi\u0119ciorga dzieci.<\/p>\n<div id=\"attachment_192\" style=\"width: 410px\" class=\"wp-caption aligncenter\"><a href=\"http:\/\/annagreziak.waw.pl\/wp-content\/uploads\/2010\/11\/rodzice_small.jpg\"><img loading=\"lazy\" decoding=\"async\" aria-describedby=\"caption-attachment-192\" class=\"size-full wp-image-192 \" title=\"rodzice_small\" src=\"http:\/\/annagreziak.waw.pl\/wp-content\/uploads\/2010\/11\/rodzice_small.jpg\" alt=\"Rodzice 1944 r.\" width=\"400\" height=\"273\" srcset=\"https:\/\/annagreziak.waw.pl\/wp-content\/uploads\/2010\/11\/rodzice_small.jpg 400w, https:\/\/annagreziak.waw.pl\/wp-content\/uploads\/2010\/11\/rodzice_small-300x204.jpg 300w\" sizes=\"auto, (max-width: 400px) 100vw, 400px\" \/><\/a><p id=\"caption-attachment-192\" class=\"wp-caption-text\">Rodzice 1944 r.<\/p><\/div>\n<div id=\"attachment_199\" style=\"width: 286px\" class=\"wp-caption aligncenter\"><a href=\"http:\/\/annagreziak.waw.pl\/wp-content\/uploads\/2010\/11\/troje_small.jpg\"><img loading=\"lazy\" decoding=\"async\" aria-describedby=\"caption-attachment-199\" class=\"size-full wp-image-199\" title=\"troje_small\" src=\"http:\/\/annagreziak.waw.pl\/wp-content\/uploads\/2010\/11\/troje_small.jpg\" alt=\"Tu jest nas jeszcze troje...\" width=\"276\" height=\"400\" srcset=\"https:\/\/annagreziak.waw.pl\/wp-content\/uploads\/2010\/11\/troje_small.jpg 276w, https:\/\/annagreziak.waw.pl\/wp-content\/uploads\/2010\/11\/troje_small-207x300.jpg 207w\" sizes=\"auto, (max-width: 276px) 100vw, 276px\" \/><\/a><p id=\"caption-attachment-199\" class=\"wp-caption-text\">Tu jest nas jeszcze troje...<\/p><\/div>\n<div id=\"attachment_191\" style=\"width: 410px\" class=\"wp-caption aligncenter\"><a href=\"http:\/\/annagreziak.waw.pl\/wp-content\/uploads\/2010\/11\/rodzice85_small.jpg\"><img loading=\"lazy\" decoding=\"async\" aria-describedby=\"caption-attachment-191\" class=\"size-full wp-image-191 \" title=\"rodzice85_small\" src=\"http:\/\/annagreziak.waw.pl\/wp-content\/uploads\/2010\/11\/rodzice85_small.jpg\" alt=\"Rodzice, 1985 r.\" width=\"400\" height=\"267\" srcset=\"https:\/\/annagreziak.waw.pl\/wp-content\/uploads\/2010\/11\/rodzice85_small.jpg 400w, https:\/\/annagreziak.waw.pl\/wp-content\/uploads\/2010\/11\/rodzice85_small-300x200.jpg 300w\" sizes=\"auto, (max-width: 400px) 100vw, 400px\" \/><\/a><p id=\"caption-attachment-191\" class=\"wp-caption-text\">Rodzice, 1985 r.<\/p><\/div>\n<div id=\"attachment_193\" style=\"width: 300px\" class=\"wp-caption aligncenter\"><a href=\"http:\/\/annagreziak.waw.pl\/wp-content\/uploads\/2010\/11\/rodzina3_small.jpg\"><img loading=\"lazy\" decoding=\"async\" aria-describedby=\"caption-attachment-193\" class=\"size-full wp-image-193\" title=\"rodzina3_small\" src=\"http:\/\/annagreziak.waw.pl\/wp-content\/uploads\/2010\/11\/rodzina3_small.jpg\" alt=\"Ostatnie zdj\u0119cie z mam\u0105, 2000 r.\" width=\"290\" height=\"400\" srcset=\"https:\/\/annagreziak.waw.pl\/wp-content\/uploads\/2010\/11\/rodzina3_small.jpg 290w, https:\/\/annagreziak.waw.pl\/wp-content\/uploads\/2010\/11\/rodzina3_small-217x300.jpg 217w\" sizes=\"auto, (max-width: 290px) 100vw, 290px\" \/><\/a><p id=\"caption-attachment-193\" class=\"wp-caption-text\">Ostatnie zdj\u0119cie z mam\u0105, 2000 r.<\/p><\/div>\n<p>Po sko\u0144czeniu szko\u0142y podstawowej rozpocz\u0119\u0142am nauk\u0119 w <strong>Liceum Og\u00f3lnokszta\u0142c\u0105cym w Pu\u0142tusku<\/strong>.<\/p>\n<div id=\"attachment_196\" style=\"width: 410px\" class=\"wp-caption aligncenter\"><a href=\"http:\/\/annagreziak.waw.pl\/wp-content\/uploads\/2010\/11\/szkola2_small.jpg\"><img loading=\"lazy\" decoding=\"async\" aria-describedby=\"caption-attachment-196\" class=\"size-full wp-image-196\" title=\"szkola2_small\" src=\"http:\/\/annagreziak.waw.pl\/wp-content\/uploads\/2010\/11\/szkola2_small.jpg\" alt=\"Kujony\" width=\"400\" height=\"245\" srcset=\"https:\/\/annagreziak.waw.pl\/wp-content\/uploads\/2010\/11\/szkola2_small.jpg 400w, https:\/\/annagreziak.waw.pl\/wp-content\/uploads\/2010\/11\/szkola2_small-300x183.jpg 300w\" sizes=\"auto, (max-width: 400px) 100vw, 400px\" \/><\/a><p id=\"caption-attachment-196\" class=\"wp-caption-text\">Kujony<\/p><\/div>\n<div id=\"attachment_197\" style=\"width: 410px\" class=\"wp-caption aligncenter\"><a href=\"http:\/\/annagreziak.waw.pl\/wp-content\/uploads\/2010\/11\/szkola_small.jpg\"><img loading=\"lazy\" decoding=\"async\" aria-describedby=\"caption-attachment-197\" class=\"size-full wp-image-197\" title=\"szkola_small\" src=\"http:\/\/annagreziak.waw.pl\/wp-content\/uploads\/2010\/11\/szkola_small.jpg\" alt=\"Matura\" width=\"400\" height=\"252\" srcset=\"https:\/\/annagreziak.waw.pl\/wp-content\/uploads\/2010\/11\/szkola_small.jpg 400w, https:\/\/annagreziak.waw.pl\/wp-content\/uploads\/2010\/11\/szkola_small-300x189.jpg 300w\" sizes=\"auto, (max-width: 400px) 100vw, 400px\" \/><\/a><p id=\"caption-attachment-197\" class=\"wp-caption-text\">Matura<\/p><\/div>\n<p>Matur\u0119 zda\u0142am w 1965 roku i w tym samym roku rozpocz\u0119\u0142am studia na <strong>Akademii Medycznej w Warszawie.<\/strong> Zaw\u00f3d lekarza wybra\u0142am jeszcze w dzieci\u0144stwie, w du\u017cej mierze pod wp\u0142ywem \u015bmierci mojego brata.<\/p>\n<p><a href=\"http:\/\/annagreziak.waw.pl\/wp-content\/uploads\/2010\/11\/studia_small.jpg\"><img loading=\"lazy\" decoding=\"async\" class=\"size-full wp-image-195 alignleft\" style=\"margin: 10px;\" title=\"studia_small\" src=\"http:\/\/annagreziak.waw.pl\/wp-content\/uploads\/2010\/11\/studia_small.jpg\" alt=\"Studia\" width=\"249\" height=\"400\" srcset=\"https:\/\/annagreziak.waw.pl\/wp-content\/uploads\/2010\/11\/studia_small.jpg 249w, https:\/\/annagreziak.waw.pl\/wp-content\/uploads\/2010\/11\/studia_small-186x300.jpg 186w\" sizes=\"auto, (max-width: 249px) 100vw, 249px\" \/><\/a><\/p>\n<p>W czasie studi\u00f3w zwi\u0105za\u0142am si\u0119 z <strong>duszpasterstwem akademickim przy ko\u015bciele \u015aw. Anny w Warszawie<\/strong>. Tam nawi\u0105za\u0142am przyja\u017anie, kt\u00f3re trwaj\u0105 do dzi\u015b.<\/p>\n<div id=\"attachment_186\" style=\"width: 410px\" class=\"wp-caption aligncenter\"><a href=\"http:\/\/annagreziak.waw.pl\/wp-content\/uploads\/2010\/11\/koncert_small.jpg\"><img loading=\"lazy\" decoding=\"async\" aria-describedby=\"caption-attachment-186\" class=\"size-full wp-image-186\" title=\"koncert_small\" src=\"http:\/\/annagreziak.waw.pl\/wp-content\/uploads\/2010\/11\/koncert_small.jpg\" alt=\"Po koncercie Oratorium &quot;Mesjasz&quot; w ko\u015bciele akademickim \u015aw. Anny w Warszawie\" width=\"400\" height=\"276\" srcset=\"https:\/\/annagreziak.waw.pl\/wp-content\/uploads\/2010\/11\/koncert_small.jpg 400w, https:\/\/annagreziak.waw.pl\/wp-content\/uploads\/2010\/11\/koncert_small-300x207.jpg 300w\" sizes=\"auto, (max-width: 400px) 100vw, 400px\" \/><\/a><p id=\"caption-attachment-186\" class=\"wp-caption-text\">Po koncercie Oratorium &quot;Mesjasz&quot; w ko\u015bciele akademickim \u015aw. Anny w Warszawie<\/p><\/div>\n<div id=\"attachment_188\" style=\"width: 310px\" class=\"wp-caption aligncenter\"><a href=\"http:\/\/annagreziak.waw.pl\/wp-content\/uploads\/2010\/11\/pielgrzymka_small.jpg\"><img loading=\"lazy\" decoding=\"async\" aria-describedby=\"caption-attachment-188\" class=\"size-full wp-image-188\" title=\"pielgrzymka_small\" src=\"http:\/\/annagreziak.waw.pl\/wp-content\/uploads\/2010\/11\/pielgrzymka_small.jpg\" alt=\"Powr\u00f3t z pielgrzymki akademickiej na Jasn\u0105 G\u00f3r\u0119\" width=\"300\" height=\"400\" srcset=\"https:\/\/annagreziak.waw.pl\/wp-content\/uploads\/2010\/11\/pielgrzymka_small.jpg 300w, https:\/\/annagreziak.waw.pl\/wp-content\/uploads\/2010\/11\/pielgrzymka_small-225x300.jpg 225w\" sizes=\"auto, (max-width: 300px) 100vw, 300px\" \/><\/a><p id=\"caption-attachment-188\" class=\"wp-caption-text\">Powr\u00f3t z pielgrzymki akademickiej na Jasn\u0105 G\u00f3r\u0119<\/p><\/div>\n<p><a href=\"http:\/\/annagreziak.waw.pl\/wp-content\/uploads\/2010\/11\/lekarz_small.jpg\"><img loading=\"lazy\" decoding=\"async\" class=\"alignleft size-full wp-image-187\" style=\"margin: 10px;\" title=\"lekarz_small\" src=\"http:\/\/annagreziak.waw.pl\/wp-content\/uploads\/2010\/11\/lekarz_small.jpg\" alt=\"Lekarz\" width=\"250\" height=\"400\" srcset=\"https:\/\/annagreziak.waw.pl\/wp-content\/uploads\/2010\/11\/lekarz_small.jpg 250w, https:\/\/annagreziak.waw.pl\/wp-content\/uploads\/2010\/11\/lekarz_small-187x300.jpg 187w\" sizes=\"auto, (max-width: 250px) 100vw, 250px\" \/><\/a><\/p>\n<p><strong>Studia uko\u0144czy\u0142am w czerwcu 1971 roku. l pa\u017adziernika rozpocz\u0119\u0142am prac\u0119<\/strong> w Szpitalu w Pu\u0142tusku. W Pu\u0142tusku przepracowa\u0142am 6 lat, podczas kt\u00f3rych uzyska\u0142am I i II stopie\u0144 specjalizacji z anestezjologii. By\u0142am pierwszym w historii szpitala i jedynym anestezjologiem; codzienne pe\u0142ni\u0142am dy\u017cur &#8222;pod telefonem&#8221;.<\/p>\n<div>Kolejny rok pracowa\u0142am w szpitalu w Wyszkowie. Kiedy otrzyma\u0142am propozycj\u0119 pracy w Warszawie, zastrzeg\u0142am, \u017ce nie b\u0119d\u0119 uczestniczy\u0107 w zabiegach przerywania ci\u0105\u017cy. Warunek m\u00f3j zosta\u0142 przyj\u0119ty i <strong>w listopadzie 1978 roku rozpocz\u0119\u0142am prac\u0119 w Szpitalu im. Prof. Witolda Or\u0142owskiego w Warszawie<\/strong>.<\/div>\n<div id=\"attachment_198\" style=\"width: 410px\" class=\"wp-caption aligncenter\"><a href=\"http:\/\/annagreziak.waw.pl\/wp-content\/uploads\/2010\/11\/szpital_small.jpg\"><img loading=\"lazy\" decoding=\"async\" aria-describedby=\"caption-attachment-198\" class=\"size-full wp-image-198 \" title=\"szpital_small\" src=\"http:\/\/annagreziak.waw.pl\/wp-content\/uploads\/2010\/11\/szpital_small.jpg\" alt=\"Z naszym dostojnym pacjentem - abp. Bronis\u0142awem D\u0105browskim\" width=\"400\" height=\"302\" srcset=\"https:\/\/annagreziak.waw.pl\/wp-content\/uploads\/2010\/11\/szpital_small.jpg 400w, https:\/\/annagreziak.waw.pl\/wp-content\/uploads\/2010\/11\/szpital_small-300x226.jpg 300w\" sizes=\"auto, (max-width: 400px) 100vw, 400px\" \/><\/a><p id=\"caption-attachment-198\" class=\"wp-caption-text\">Z naszym dostojnym pacjentem - abp. Bronis\u0142awem D\u0105browskim<\/p><\/div>\n<p><strong>Od pierwszych dni wrze\u015bnia 1980 roku<\/strong> zaanga\u017cowa\u0142am si\u0119 w tworzenie Niezale\u017cnego Zwi\u0105zku Zawodowego w szpitalach Warszawy i okolic. 17 wrze\u015bnia 1980 uczestniczy\u0142am w I Zje\u017adzie MKZ w Gda\u0144sku. W dniach 7 \u2013 16 listopada 1980 reprezentowa\u0142am MKZ Mazowsze w strajku okupacyjnym delegat\u00f3w polskiej s\u0142u\u017cby zdrowia w Sali Herbowej Urz\u0119du Wojew\u00f3dzkiego w Gda\u0144sku.<\/p>\n<p style=\"text-align: left;\"><a href=\"http:\/\/annagreziak.waw.pl\/wp-content\/uploads\/2010\/11\/strajk_small.jpg\"><img loading=\"lazy\" decoding=\"async\" class=\"aligncenter size-full wp-image-194\" title=\"strajk_small\" src=\"http:\/\/annagreziak.waw.pl\/wp-content\/uploads\/2010\/11\/strajk_small.jpg\" alt=\"Strajk\" width=\"400\" height=\"273\" srcset=\"https:\/\/annagreziak.waw.pl\/wp-content\/uploads\/2010\/11\/strajk_small.jpg 400w, https:\/\/annagreziak.waw.pl\/wp-content\/uploads\/2010\/11\/strajk_small-300x204.jpg 300w\" sizes=\"auto, (max-width: 400px) 100vw, 400px\" \/><\/a>W latach <strong>1980 \u2013 1981<\/strong> by\u0142am cz\u0142onkiem Komisji Zak\u0142adowej NSZZ \u201eSolidarno\u015b\u0107\u201d w PSK I CMKP w Warszawie, cz\u0142onkiem Regionalnej i Krajowej Komisji Koordynacyjnej S\u0142u\u017cby Zdrowia NSZZ \u201eS\u201d, cz\u0142onkiem Zarz\u0105du Regionu Mazowsze, Delegatem na I Krajowy Zjazd Solidarno\u015bci. Kierowa\u0142am prac\u0105 Spo\u0142ecznego Komitetu Banku Lek\u00f3w NSZZ &#8222;Solidarno\u015b\u0107&#8221;, by\u0142am cz\u0142onkiem Rady Funduszu Zwi\u0105zku.<\/p>\n<div style=\"text-align: left;\">Razem z <strong>ruchem Gaudium Vitae<\/strong> bra\u0142am udzia\u0142 w rozmowach w Ministerstwie Zdrowia zmierzaj\u0105cych do zmiany ustawy z 1956 roku dopuszczaj\u0105cej przerywanie ci\u0105\u017cy.<\/div>\n<div>Dzia\u0142alno\u015b\u0107 zwi\u0105zkow\u0105 godzi\u0142am z prac\u0105 zawodow\u0105.<\/div>\n<p>W stanie wojennym organizowa\u0142am pomoc medyczn\u0105, dla ukrywaj\u0105cych si\u0119 dzia\u0142aczy &#8222;S&#8221;, bra\u0142am udzia\u0142 w pracach podziemnych struktur w s\u0142u\u017cbie zdrowia, wsp\u00f3\u0142pracuj\u0105c mi\u0119dzy innymi z Alin\u0105 Pienkowsk\u0105, prof. Zbigniewem Ch\u0142apem i prof. Zofi\u0105 Kuratowsk\u0105.<\/p>\n<div>Uczestniczy\u0142am w zorganizowanym przez Ksi\u0119dza Jerzego Popie\u0142uszk\u0119 tajnym szkoleniu dla dzia\u0142aczy podziemnej Solidarno\u015bci.<\/div>\n<p><a href=\"http:\/\/annagreziak.waw.pl\/wp-content\/uploads\/2010\/11\/popieluszko_small.jpg\"><img loading=\"lazy\" decoding=\"async\" class=\"aligncenter size-full wp-image-189\" title=\"popieluszko_small\" src=\"http:\/\/annagreziak.waw.pl\/wp-content\/uploads\/2010\/11\/popieluszko_small.jpg\" alt=\"\" width=\"400\" height=\"299\" srcset=\"https:\/\/annagreziak.waw.pl\/wp-content\/uploads\/2010\/11\/popieluszko_small.jpg 400w, https:\/\/annagreziak.waw.pl\/wp-content\/uploads\/2010\/11\/popieluszko_small-300x224.jpg 300w\" sizes=\"auto, (max-width: 400px) 100vw, 400px\" \/><\/a>l sierpnia 1990 roku, po wygraniu konkursu na stanowisko Lekarza Wojew\u00f3dzkiego w Warszawie, podj\u0119\u0142am s\u0142u\u017cb\u0119 w administracji rz\u0105dowej. Przez ponad osiem lat by\u0142am odpowiedzialna za funkcjonowanie opieki zdrowotnej na obszarze wojew\u00f3dztwa warszawskiego. Podj\u0119\u0142am wiele dzia\u0142a\u0144 zmierzaj\u0105cych do usprawnienia funkcjonowania opieki zdrowotnej sprawowanej nad dwu i p\u00f3\u0142 milionow\u0105 populacj\u0105 wojew\u00f3dztwa warszawskiego i du\u017c\u0105 liczb\u0105 os\u00f3b przyjezdnych. Utworzy\u0142am mi\u0119dzy innymi:<\/p>\n<ul>\n<li>pracowni\u0119 rezonansu magnetycznego czynn\u0105 ca\u0142\u0105 dob\u0119,<\/li>\n<li>cztery pracownie tomografii komputerowej w tym dwie wsp\u00f3\u0142pracuj\u0105ce z dzia\u0142aj\u0105cymi w trybie ostrych dy\u017cur\u00f3w oddzia\u0142ami neurochirurgii,<\/li>\n<li>dwa oddzia\u0142y intensywnej terapii dla dzieci,<\/li>\n<li>oddzia\u0142 intensywnej terapii dla doros\u0142ych,<\/li>\n<li>dwie stacje dializ,<\/li>\n<li>centrum nieinwazyjnej diagnostyki chor\u00f3b serca,<\/li>\n<li>konsultacyjne centrum specjalistyczne diagnostyki USG,<\/li>\n<li>pi\u0119\u0107 pe\u0142no profilowych poradni chor\u00f3b sutka,<\/li>\n<li>trzy dodatkowe podstacje Pogotowia Ratunkowego z zespo\u0142ami R,<\/li>\n<li>karetk\u0119 reanimacyjn\u0105 dla noworodk\u00f3w,<\/li>\n<li>dwa oddzia\u0142y terapii dla os\u00f3b nieletnich uzale\u017cnionych od narkotyk\u00f3w,<\/li>\n<li>system kompleksowej opieki nad osobami zaka\u017conymi wirusem HIV i chorymi na AIDS.<\/li>\n<li>program metadonowy dla os\u00f3b uzale\u017cnionych, zaka\u017conych wirusem HIV.<\/li>\n<\/ul>\n<div>W marcu 1995 roku &#8222;z urz\u0119du&#8221; wyst\u0105pi\u0142am przeciwko zamra\u017caniu ludzkich embrion\u00f3w w zwi\u0105zku z procedur\u0105 &#8222;in vitro&#8221;. W wyniku tych dzia\u0142a\u0144 utraci\u0142am tytu\u0142 Lekarza Wojew\u00f3dzkiego, sprawuj\u0105c do ko\u0144ca 1998 roku funkcj\u0119 Dyrektora Wydzia\u0142u Zdrowia Urz\u0119du Wojew\u00f3dzkiego w Warszawie.<\/div>\n<div>W zwi\u0105zku z wizytami Ojca \u015awi\u0119tego Jana Paw\u0142a II w Warszawie w 1991 i 1999 roku przypad\u0142 mi zaszczytny obowi\u0105zek zorganizowania zabezpieczenia medycznego tych Pielgrzymek.<\/div>\n<p><a href=\"http:\/\/annagreziak.waw.pl\/wp-content\/uploads\/2010\/11\/janpawel_small.jpg\"><img loading=\"lazy\" decoding=\"async\" class=\"aligncenter size-full wp-image-185\" title=\"janpawel_small\" src=\"http:\/\/annagreziak.waw.pl\/wp-content\/uploads\/2010\/11\/janpawel_small.jpg\" alt=\"Jan Pawe\u0142 II\" width=\"400\" height=\"354\" srcset=\"https:\/\/annagreziak.waw.pl\/wp-content\/uploads\/2010\/11\/janpawel_small.jpg 400w, https:\/\/annagreziak.waw.pl\/wp-content\/uploads\/2010\/11\/janpawel_small-300x265.jpg 300w\" sizes=\"auto, (max-width: 400px) 100vw, 400px\" \/><\/a>Od stycznia 1999 r. roku kontynuowa\u0142am prac\u0119 w Mazowieckim Urz\u0119dzie Wojew\u00f3dzkim, jako Pe\u0142nomocnik Wojewody ds. Zdrowia.<\/p>\n<div>Od 2001 roku do maja 2003 r. pracowa\u0142am w Biurze Rzecznika Praw Obywatelskich, jako Pe\u0142nomocnik do spraw Ochrony Praw Pacjent\u00f3w i Os\u00f3b Niepe\u0142nosprawnych.<\/div>\n<div>Od maja 2003 r. kierowa\u0142am Miejskim Zespo\u0142em ds. Orzekania o Niepe\u0142nosprawno\u015bci w Warszawie. W kr\u00f3tkim czasie uda\u0142o mi si\u0119 uporz\u0105dkowa\u0107 proces orzekania o niepe\u0142nosprawno\u015bci, a przede wszystkim skr\u00f3ci\u0107 czas oczekiwania na rozpatrzenie wniosku z kilkunastu miesi\u0119cy do kilku tygodni.<\/div>\n<div>\n<p><!-- p { margin-bottom: 0.21cm; } -->25 listopada 2005 roku zosta\u0142am powo\u0142ana na funkcj\u0119 Podsekretarza Stanu w Ministerstwie Zdrowia. Pod kierownictwem nieod\u017ca\u0142owanego Profesora Zbigniewa Religi pe\u0142ni\u0142am j\u0105 do 27 listopada 2007 roku.<\/p>\n<p style=\"text-align: center;\"><a href=\"http:\/\/annagreziak.waw.pl\/wp-content\/uploads\/2011\/09\/zreliga-small.jpg\"><img decoding=\"async\" class=\"aligncenter size-full wp-image-40\" style=\"margin-top: 10px; margin-bottom: 10px;\" title=\"zreliga-small\" src=\"http:\/\/annagreziak.waw.pl\/wp-content\/uploads\/2011\/09\/zreliga-small.jpg\" alt=\"Anna Gr\u0119ziak i Zbigniew Religa\" \/><\/a><a href=\"http:\/\/annagreziak.waw.pl\/wp-content\/uploads\/2010\/11\/zreliga-official-small.jpg\"><img loading=\"lazy\" decoding=\"async\" class=\"aligncenter size-full wp-image-41\" style=\"margin-top: 10px; margin-bottom: 10px;\" title=\"zreliga-official-small\" src=\"http:\/\/annagreziak.waw.pl\/wp-content\/uploads\/2010\/11\/zreliga-official-small.jpg\" alt=\"Zbigniew Religa\" width=\"437\" height=\"374\" srcset=\"https:\/\/annagreziak.waw.pl\/wp-content\/uploads\/2010\/11\/zreliga-official-small.jpg 437w, https:\/\/annagreziak.waw.pl\/wp-content\/uploads\/2010\/11\/zreliga-official-small-300x256.jpg 300w\" sizes=\"auto, (max-width: 437px) 100vw, 437px\" \/><\/a><\/p>\n<p>Od 9 czerwca 2008 roku do tragicznego 10 kwietnia 2010 roku mia\u0142am zaszczyt by\u0107 doradc\u0105 ds. ochrony zdrowia Prezydenta RP \u015bp. Lecha Kaczy\u0144skiego.<\/p>\n<p style=\"text-align: center;\"><a href=\"http:\/\/annagreziak.waw.pl\/wp-content\/uploads\/2010\/11\/z_prezydentem-small.jpg\"><img loading=\"lazy\" decoding=\"async\" class=\"aligncenter size-full wp-image-52\" title=\"z_prezydentem-small\" src=\"http:\/\/annagreziak.waw.pl\/wp-content\/uploads\/2010\/11\/z_prezydentem-small.jpg\" alt=\"Z Prezydentem\" width=\"460\" height=\"307\" srcset=\"https:\/\/annagreziak.waw.pl\/wp-content\/uploads\/2010\/11\/z_prezydentem-small.jpg 460w, https:\/\/annagreziak.waw.pl\/wp-content\/uploads\/2010\/11\/z_prezydentem-small-300x200.jpg 300w\" sizes=\"auto, (max-width: 460px) 100vw, 460px\" \/><\/a><\/p>\n<p style=\"text-align: center;\"><a href=\"http:\/\/annagreziak.waw.pl\/wp-content\/uploads\/2010\/11\/17-maja-2009-Watykan-small.jpg\"><img loading=\"lazy\" decoding=\"async\" class=\"aligncenter size-full wp-image-45\" title=\"17 maja 2009 Watykan-small\" src=\"http:\/\/annagreziak.waw.pl\/wp-content\/uploads\/2010\/11\/17-maja-2009-Watykan-small.jpg\" alt=\"\" width=\"460\" height=\"332\" srcset=\"https:\/\/annagreziak.waw.pl\/wp-content\/uploads\/2010\/11\/17-maja-2009-Watykan-small.jpg 460w, https:\/\/annagreziak.waw.pl\/wp-content\/uploads\/2010\/11\/17-maja-2009-Watykan-small-300x216.jpg 300w\" sizes=\"auto, (max-width: 460px) 100vw, 460px\" \/><\/a><\/p>\n<\/div>\n<p>11 lutego 1994 roku, podczas obchodzonegona Jasnej G\u00f3rze II \u015awiatowego Dnia Chorego, by\u0142am wsp\u00f3\u0142za\u0142o\u017cycielk\u0105 Katolickiego Stowarzyszenia Lekarzy Polskich. Podstawowym zadaniem Stowarzyszenia jest kszta\u0142towanie postaw lekarzy zgodnych z nauczaniem Ko\u015bcio\u0142a Katolickiego. W latach 2002 &#8211; 2010 przez dwie kadencje by\u0142am Prezesem KSLP. Obecnie ciesz\u0119 si\u0119 nadanym mi tytu\u0142em Prezesa Honorowego.<\/p>\n<p>Jestem cz\u0142onkiem Zarz\u0105du Europejskiej Federacji Katolickich Stowarzysze\u0144 Lekarskich.<\/p>\n<p style=\"clear: both;\"><a href=\"http:\/\/annagreziak.waw.pl\/wp-content\/uploads\/2010\/11\/prymas_small.jpg\"><img loading=\"lazy\" decoding=\"async\" class=\"alignleft size-full wp-image-190\" style=\"margin: 10px;\" title=\"prymas_small\" src=\"http:\/\/annagreziak.waw.pl\/wp-content\/uploads\/2010\/11\/prymas_small.jpg\" alt=\"Prymas\" width=\"288\" height=\"400\" srcset=\"https:\/\/annagreziak.waw.pl\/wp-content\/uploads\/2010\/11\/prymas_small.jpg 288w, https:\/\/annagreziak.waw.pl\/wp-content\/uploads\/2010\/11\/prymas_small-216x300.jpg 216w\" sizes=\"auto, (max-width: 288px) 100vw, 288px\" \/><\/a>W 1997 r. zosta\u0142am odznaczona Prymasowskim Medalem Z\u0142otym \u2013 Ecclesiae Populoque Servitium Praestanti \u2013 Zas\u0142u\u017conemu w pos\u0142udze dla Ko\u015bcio\u0142a i Narodu,<\/p>\n<div><a href=\"http:\/\/annagreziak.waw.pl\/wp-content\/uploads\/2010\/11\/papiez-small.jpg\"><img loading=\"lazy\" decoding=\"async\" class=\"size-full wp-image-177 aligncenter\" style=\"margin-top: 10px; margin-bottom: 10px;\" title=\"papiez-small\" src=\"http:\/\/annagreziak.waw.pl\/wp-content\/uploads\/2010\/11\/papiez-small.jpg\" alt=\"Papie\u017c\" width=\"460\" height=\"332\" srcset=\"https:\/\/annagreziak.waw.pl\/wp-content\/uploads\/2010\/11\/papiez-small.jpg 460w, https:\/\/annagreziak.waw.pl\/wp-content\/uploads\/2010\/11\/papiez-small-300x216.jpg 300w\" sizes=\"auto, (max-width: 460px) 100vw, 460px\" \/><\/a><\/div>\n<div>a w maju 2010 r. papieskim medalem Pro Ecclesia et Pontifice.<\/div>\n<div><a href=\"http:\/\/annagreziak.waw.pl\/wp-content\/uploads\/2010\/11\/dama_small.jpg\"><img loading=\"lazy\" decoding=\"async\" class=\"alignleft size-full wp-image-184\" style=\"margin: 10px;\" title=\"dama_small\" src=\"http:\/\/annagreziak.waw.pl\/wp-content\/uploads\/2010\/11\/dama_small.jpg\" alt=\"Dama\" width=\"264\" height=\"400\" srcset=\"https:\/\/annagreziak.waw.pl\/wp-content\/uploads\/2010\/11\/dama_small.jpg 264w, https:\/\/annagreziak.waw.pl\/wp-content\/uploads\/2010\/11\/dama_small-198x300.jpg 198w\" sizes=\"auto, (max-width: 264px) 100vw, 264px\" \/><\/a><\/div>\n<div>W 2000 roku zosta\u0142am przyj\u0119ta w poczet Dam Zakonu Rycerskiego Grobu Bo\u017cego w Jerozolimie.<\/div>\n<div style=\"clear: both;\">Moje zainteresowania to: bioetyka, muzyka oratoryjno-kantatowa, \u017ceglowanie.<\/div>\n<\/div>\n","protected":false},"excerpt":{"rendered":"<p>Urodzi\u0142am si\u0119 23 maja 1948 roku w Pu\u0142tusku. Matka moja Irena prowadzi\u0142a sklep, ojciec Jan by\u0142 nauczycielem i przez wiele lat kierownikiem szko\u0142y podstawowej w Pu\u0142tusku. Mia\u0142am dw\u00f3ch braci: starszy Marek zmar\u0142 w wieku 13 lat, m\u0142odszy Andrzej mieszka w &hellip; <a href=\"https:\/\/annagreziak.waw.pl\/?page_id=2\">Czytaj dalej <span class=\"meta-nav\">&rarr;<\/span><\/a><\/p>\n","protected":false},"author":1,"featured_media":0,"parent":0,"menu_order":1,"comment_status":"closed","ping_status":"closed","template":"","meta":{"footnotes":""},"class_list":["post-2","page","type-page","status-publish","hentry"],"_links":{"self":[{"href":"https:\/\/annagreziak.waw.pl\/index.php?rest_route=\/wp\/v2\/pages\/2","targetHints":{"allow":["GET"]}}],"collection":[{"href":"https:\/\/annagreziak.waw.pl\/index.php?rest_route=\/wp\/v2\/pages"}],"about":[{"href":"https:\/\/annagreziak.waw.pl\/index.php?rest_route=\/wp\/v2\/types\/page"}],"author":[{"embeddable":true,"href":"https:\/\/annagreziak.waw.pl\/index.php?rest_route=\/wp\/v2\/users\/1"}],"replies":[{"embeddable":true,"href":"https:\/\/annagreziak.waw.pl\/index.php?rest_route=%2Fwp%2Fv2%2Fcomments&post=2"}],"version-history":[{"count":54,"href":"https:\/\/annagreziak.waw.pl\/index.php?rest_route=\/wp\/v2\/pages\/2\/revisions"}],"predecessor-version":[{"id":11,"href":"https:\/\/annagreziak.waw.pl\/index.php?rest_route=\/wp\/v2\/pages\/2\/revisions\/11"}],"wp:attachment":[{"href":"https:\/\/annagreziak.waw.pl\/index.php?rest_route=%2Fwp%2Fv2%2Fmedia&parent=2"}],"curies":[{"name":"wp","href":"https:\/\/api.w.org\/{rel}","templated":true}]}}