{"id":57,"date":"2010-11-04T09:49:41","date_gmt":"2010-11-04T09:49:41","guid":{"rendered":"http:\/\/findsurebet.com\/annagreziak\/?page_id=57"},"modified":"2010-11-04T10:25:08","modified_gmt":"2010-11-04T10:25:08","slug":"zyciorys","status":"publish","type":"page","link":"https:\/\/annagreziak.waw.pl\/?page_id=57","title":{"rendered":"\u017byciorys"},"content":{"rendered":"<p style=\"padding-left: 30px;\"><strong>Anna Gr\u0119ziak, lekarz,<br \/>\nurodzona 23 maja 1948 roku w Pu\u0142tusku,<\/strong><\/p>\n<p style=\"text-align: center;\"><strong>\u017bYCIORYS<\/strong><\/p>\n<h3>Wykszta\u0142cenie:<\/h3>\n<p>1965 \u2013 1971 Akademia Medyczna w Warszawie, Wydzia\u0142 Lekarski.<br \/>\nDyplom &#8211; Lekarz medycyny &#8211; 19 czerwca 1971 roku.<\/p>\n<h3>Praktyka zawodowa:<\/h3>\n<p><strong>01.10.1971 \u2013 31.10.1977  Zak\u0142ad Opieki Zdrowotnej w Pu\u0142tusku<\/strong><br \/>\n01.10.1971 \u2013 18.10.1974 \u2013 m\u0142odszy asystent<br \/>\n19.10.1974 \u2013 19.05.1977 \u2013 asystent<br \/>\n20.05.1977 \u2013 30.06.1977 \u2013 starszy asystent<br \/>\n01.07.1977 \u2013 31.10.1977 \u2013 Kierownik Dzia\u0142u Pomocy Dora\u017anej<\/p>\n<p><strong>02.11.1977 \u2013 31.10.1978 \u2013 Zak\u0142ad Opieki Zdrowotnej w Wyszkowie<\/strong><br \/>\nZast\u0119pca Ordynatora Oddzia\u0142u Anestezjologii i Intensywnej Opieki Medycznej<\/p>\n<p><strong>01.11.1978 \u2013 02.08.1990 \u2013 Pa\u0144stwowy Szpital Kliniczny Nr 1 Centrum Medycznego Kszta\u0142cenia Podyplomowego w Warszawie<\/strong><br \/>\nstarszy asystent<\/p>\n<p>03.08.1990 \u2013 31.12.1998 \u2013 po wygranym konkursie \u2013 <strong>Urz\u0105d Wojew\u00f3dzki w Warszawie<\/strong><br \/>\n03.08.1990 \u2013 31.05.1997 \u2013 Dyrektor Wydzia\u0142u Zdrowia &#8211; G\u0142\u00f3wny Lekarz Wojew\u00f3dzki<br \/>\n01.06.1997 \u2013 31.12.1998 \u2013 Dyrektor Wydzia\u0142u Zdrowia<\/p>\n<p><strong>01.01.1999 \u2013 31.12.2000 \u2013 Mazowiecki Urz\u0105d Wojew\u00f3dzki<\/strong><br \/>\nz \u2013 ca dyrektora Wydzia\u0142u Spraw Spo\u0142ecznych \u2013 Pe\u0142nomocnik Wojewody ds. zdrowia<\/p>\n<p><strong>01.01.2001 \u2013 11.05.2003 &#8211; Biuro Rzecznika Praw Obywatelskich<\/strong><br \/>\nPe\u0142nomocnik ds. ochrony praw pacjent\u00f3w i os\u00f3b niepe\u0142nosprawnych.<\/p>\n<p><strong>Od 12.05.2003 \u2013 24.11.2005 &#8211; Biuro Miejskiego Zespo\u0142u ds. Orzekania o Niepe\u0142nosprawno\u015bci w Warszawie<\/strong><br \/>\nDyrektor Biura, Przewodnicz\u0105ca Zespo\u0142u.<\/p>\n<p><strong>Od 25.11.2005 \u2013 27.11 2007 &#8211; Podsekretarz Stanu w Ministerstwie Zdrowia.<\/strong><\/p>\n<p><strong>Od 9.06.2008 \u2013 10 kwietnia 2010 &#8211; Doradca Prezydenta RP<\/strong><\/p>\n<h3>Kwalifikacje, kursy i szkolenia<\/h3>\n<p><strong>19.05.1997 roku<\/strong> &#8211; II stopie\u0144 specjalizacji w zakresie anestezjologii i reanimacji;<\/p>\n<p><strong>1994 &#8211; Uniwersytet Warszawski<\/strong>, Wydzia\u0142 Nauk Ekonomicznych &#8211; Podyplomowe Studium Funkcjonowania Gospodarki Narodowej, specjalno\u015b\u0107: Ekonomika Zdrowia;<br \/>\n<strong>1997 &#8211; Uniwersytet Jagiello\u0144ski<\/strong>, Instytut Zdrowia Publicznego Colegium Medicum, <strong>Fundacja Project Hope<\/strong> &#8211; roczny kurs \u201eMened\u017cerowie dla reformy opieki zdrowotnej w Polsce\u201d;<\/p>\n<p><strong>1999<\/strong> &#8211; zako\u0144czony egzaminem pa\u0144stwowym licencjonowany kurs dla kandydat\u00f3w na cz\u0142onk\u00f3w rad nadzorczych w sp\u00f3\u0142kach Skarbu Pa\u0144stwa.<\/p>\n<h3>Zaanga\u017cowanie spo\u0142eczne<\/h3>\n<p><strong>1980 &#8211; 1981<\/strong> &#8211; cz\u0142onek Komisji Zak\u0142adowej NSZZ Solidarno\u015b\u0107 w PSK I CMKP  w Warszawie;<br \/>\nCz\u0142onek Regionalnej i Krajowej Komisji Koordynacyjnej S\u0142u\u017cby Zdrowia NSZZ Solidarno\u015b\u0107;<br \/>\n<strong>1981 <\/strong>\u2013 cz\u0142onek Zarz\u0105du Regionu Mazowsze NSZZ Solidarno\u015b\u0107;<br \/>\nDelegat na I Krajowy Zjazd NSZZ Solidarno\u015b\u0107;<br \/>\nPrzewodnicz\u0105ca Spo\u0142ecznego Komitetu Banku Lek\u00f3w NSZZ Solidarno\u015b\u0107;<br \/>\nCz\u0142onek Rady Funduszu NSZZ Solidarno\u015b\u0107.<\/p>\n<p><strong>11 lutego 1994<\/strong> \u2013 cz\u0142onek za\u0142o\u017cyciel Katolickiego Stowarzyszenia Lekarzy Polskich.<br \/>\n<strong>Od 1994<\/strong> cz\u0142onek Zarz\u0105du G\u0142\u00f3wnego KSLP,<br \/>\n<strong>Od 17 listopada 2002 \u2013 do 22 maja 2010<\/strong> Prezes Zarz\u0105du G\u0142\u00f3wnego Katolickiego Stowarzyszenia Lekarzy Polskich;<br \/>\nCz\u0142onek Zarz\u0105du Europejskiej Federacji Katolickich Stowarzysze\u0144 Lekarskich.<\/p>\n<h3>Przynale\u017cno\u015b\u0107 do organizacji<strong><br \/>\n<\/strong><\/h3>\n<p><strong>2000 \u2013 Zakon Rycerski Grobu Bo\u017cego w Jerozolimie;<\/strong><br \/>\n<strong>2008 \u2013 Towarzystwo Uniwersyteckie Fides et Ratio <\/strong><\/p>\n<h3>Odznaczenia<\/h3>\n<h4>&#8211; pa\u0144stwowe<\/h4>\n<p>Listopad 1992 \u2013  Srebrny Krzy\u017c Zas\u0142ugi;<\/p>\n<h4>&#8211; inne<\/h4>\n<p>1997 &#8211; Prymasowski Medal Z\u0142oty \u2013 Ecclesiae Populoque Servitium Praestanti  \u2013 Zas\u0142u\u017conemu w pos\u0142udze dla Ko\u015bcio\u0142a i Narodu.<br \/>\n2010 \u2013 Papieski Medal Pro Ecclesia et Pontifice<\/p>\n<h3>Zainteresowania<\/h3>\n<p>Filozofia, szczeg\u00f3lnie bioetyka, muzyka oratoryjno-kantatowa, \u017ceglowanie.<\/p>\n","protected":false},"excerpt":{"rendered":"<p>Anna Gr\u0119ziak, lekarz, urodzona 23 maja 1948 roku w Pu\u0142tusku, \u017bYCIORYS Wykszta\u0142cenie: 1965 \u2013 1971 Akademia Medyczna w Warszawie, Wydzia\u0142 Lekarski. Dyplom &#8211; Lekarz medycyny &#8211; 19 czerwca 1971 roku. Praktyka zawodowa: 01.10.1971 \u2013 31.10.1977 Zak\u0142ad Opieki Zdrowotnej w Pu\u0142tusku &hellip; <a href=\"https:\/\/annagreziak.waw.pl\/?page_id=57\">Czytaj dalej <span class=\"meta-nav\">&rarr;<\/span><\/a><\/p>\n","protected":false},"author":1,"featured_media":0,"parent":0,"menu_order":2,"comment_status":"closed","ping_status":"closed","template":"","meta":{"footnotes":""},"class_list":["post-57","page","type-page","status-publish","hentry"],"_links":{"self":[{"href":"https:\/\/annagreziak.waw.pl\/index.php?rest_route=\/wp\/v2\/pages\/57","targetHints":{"allow":["GET"]}}],"collection":[{"href":"https:\/\/annagreziak.waw.pl\/index.php?rest_route=\/wp\/v2\/pages"}],"about":[{"href":"https:\/\/annagreziak.waw.pl\/index.php?rest_route=\/wp\/v2\/types\/page"}],"author":[{"embeddable":true,"href":"https:\/\/annagreziak.waw.pl\/index.php?rest_route=\/wp\/v2\/users\/1"}],"replies":[{"embeddable":true,"href":"https:\/\/annagreziak.waw.pl\/index.php?rest_route=%2Fwp%2Fv2%2Fcomments&post=57"}],"version-history":[{"count":8,"href":"https:\/\/annagreziak.waw.pl\/index.php?rest_route=\/wp\/v2\/pages\/57\/revisions"}],"predecessor-version":[{"id":81,"href":"https:\/\/annagreziak.waw.pl\/index.php?rest_route=\/wp\/v2\/pages\/57\/revisions\/81"}],"wp:attachment":[{"href":"https:\/\/annagreziak.waw.pl\/index.php?rest_route=%2Fwp%2Fv2%2Fmedia&parent=57"}],"curies":[{"name":"wp","href":"https:\/\/api.w.org\/{rel}","templated":true}]}}

Życiorys

<p style="padding-left: 30px;"><strong>Anna Gręziak, lekarz,<br />
urodzona 23 maja 1948 roku w Pułtusku,</strong></p>
<p style="text-align: center;"><strong>ŻYCIORYS</strong></p>
<h3>Wykształcenie:</h3>
<p>1965 – 1971 Akademia Medyczna w Warszawie, Wydział Lekarski.<br />
Dyplom &#8211; Lekarz medycyny &#8211; 19 czerwca 1971 roku.</p>
<h3>Praktyka zawodowa:</h3>
<p><strong>01.10.1971 – 31.10.1977  Zakład Opieki Zdrowotnej w Pułtusku</strong><br />
01.10.1971 – 18.10.1974 – młodszy asystent<br />
19.10.1974 – 19.05.1977 – asystent<br />
20.05.1977 – 30.06.1977 – starszy asystent<br />
01.07.1977 – 31.10.1977 – Kierownik Działu Pomocy Doraźnej</p>
<p><strong>02.11.1977 – 31.10.1978 – Zakład Opieki Zdrowotnej w Wyszkowie</strong><br />
Zastępca Ordynatora Oddziału Anestezjologii i Intensywnej Opieki Medycznej</p>
<p><strong>01.11.1978 – 02.08.1990 – Państwowy Szpital Kliniczny Nr 1 Centrum Medycznego Kształcenia Podyplomowego w Warszawie</strong><br />
starszy asystent</p>
<p>03.08.1990 – 31.12.1998 – po wygranym konkursie – <strong>Urząd Wojewódzki w Warszawie</strong><br />
03.08.1990 – 31.05.1997 – Dyrektor Wydziału Zdrowia &#8211; Główny Lekarz Wojewódzki<br />
01.06.1997 – 31.12.1998 – Dyrektor Wydziału Zdrowia</p>
<p><strong>01.01.1999 – 31.12.2000 – Mazowiecki Urząd Wojewódzki</strong><br />
z – ca dyrektora Wydziału Spraw Społecznych – Pełnomocnik Wojewody ds. zdrowia</p>
<p><strong>01.01.2001 – 11.05.2003 &#8211; Biuro Rzecznika Praw Obywatelskich</strong><br />
Pełnomocnik ds. ochrony praw pacjentów i osób niepełnosprawnych.</p>
<p><strong>Od 12.05.2003 – 24.11.2005 &#8211; Biuro Miejskiego Zespołu ds. Orzekania o Niepełnosprawności w Warszawie</strong><br />
Dyrektor Biura, Przewodnicząca Zespołu.</p>
<p><strong>Od 25.11.2005 – 27.11 2007 &#8211; Podsekretarz Stanu w Ministerstwie Zdrowia.</strong></p>
<p><strong>Od 9.06.2008 – 10 kwietnia 2010 &#8211; Doradca Prezydenta RP</strong></p>
<h3>Kwalifikacje, kursy i szkolenia</h3>
<p><strong>19.05.1997 roku</strong> &#8211; II stopień specjalizacji w zakresie anestezjologii i reanimacji;</p>
<p><strong>1994 &#8211; Uniwersytet Warszawski</strong>, Wydział Nauk Ekonomicznych &#8211; Podyplomowe Studium Funkcjonowania Gospodarki Narodowej, specjalność: Ekonomika Zdrowia;<br />
<strong>1997 &#8211; Uniwersytet Jagielloński</strong>, Instytut Zdrowia Publicznego Colegium Medicum, <strong>Fundacja Project Hope</strong> &#8211; roczny kurs „Menedżerowie dla reformy opieki zdrowotnej w Polsce”;</p>
<p><strong>1999</strong> &#8211; zakończony egzaminem państwowym licencjonowany kurs dla kandydatów na członków rad nadzorczych w spółkach Skarbu Państwa.</p>
<h3>Zaangażowanie społeczne</h3>
<p><strong>1980 &#8211; 1981</strong> &#8211; członek Komisji Zakładowej NSZZ Solidarność w PSK I CMKP  w Warszawie;<br />
Członek Regionalnej i Krajowej Komisji Koordynacyjnej Służby Zdrowia NSZZ Solidarność;<br />
<strong>1981 </strong>– członek Zarządu Regionu Mazowsze NSZZ Solidarność;<br />
Delegat na I Krajowy Zjazd NSZZ Solidarność;<br />
Przewodnicząca Społecznego Komitetu Banku Leków NSZZ Solidarność;<br />
Członek Rady Funduszu NSZZ Solidarność.</p>
<p><strong>11 lutego 1994</strong> – członek założyciel Katolickiego Stowarzyszenia Lekarzy Polskich.<br />
<strong>Od 1994</strong> członek Zarządu Głównego KSLP,<br />
<strong>Od 17 listopada 2002 – do 22 maja 2010</strong> Prezes Zarządu Głównego Katolickiego Stowarzyszenia Lekarzy Polskich;<br />
Członek Zarządu Europejskiej Federacji Katolickich Stowarzyszeń Lekarskich.</p>
<h3>Przynależność do organizacji<strong><br />
</strong></h3>
<p><strong>2000 – Zakon Rycerski Grobu Bożego w Jerozolimie;</strong><br />
<strong>2008 – Towarzystwo Uniwersyteckie Fides et Ratio </strong></p>
<h3>Odznaczenia</h3>
<h4>&#8211; państwowe</h4>
<p>Listopad 1992 –  Srebrny Krzyż Zasługi;</p>
<h4>&#8211; inne</h4>
<p>1997 &#8211; Prymasowski Medal Złoty – Ecclesiae Populoque Servitium Praestanti  – Zasłużonemu w posłudze dla Kościoła i Narodu.<br />
2010 – Papieski Medal Pro Ecclesia et Pontifice</p>
<h3>Zainteresowania</h3>
<p>Filozofia, szczególnie bioetyka, muzyka oratoryjno-kantatowa, żeglowanie.</p>

<p>Anna Gręziak, lekarz, urodzona 23 maja 1948 roku w Pułtusku, ŻYCIORYS Wykształcenie: 1965 – 1971 Akademia Medyczna w Warszawie, Wydział Lekarski. Dyplom &#8211; Lekarz medycyny &#8211; 19 czerwca 1971 roku. Praktyka zawodowa: 01.10.1971 – 31.10.1977 Zakład Opieki Zdrowotnej w Pułtusku &hellip; <a href="https://annagreziak.waw.pl/?page_id=57">Czytaj dalej <span class="meta-nav">&rarr;</span></a></p>
